) to base 2.
-111111
-251 (base 8) to base 10
-169
-52 (base 12) to base 6
-142
What is 6 (base 13) in base 10?
6
What is -4 (base 11) in base 4?
-10
What is 105 (base 6) in base 4?
221
-1010 (base 2) to base 3
-101
What is 45 (base 8) in base 14?
29
-6b (base 15) to base 11
-92
1 (base 15) to base 5
1
What is 0 (base 14) in base 6?
0
Convert -133 (base 4) to base 9.
-34
What is 202 (base 4) in base 14?
26
What is 0 (base 6) in base 3?
0
-2 (base 9) to base 4
-2
0 (base 15) to base 4
0
Convert -222 (base 3) to base 11.
-24
What is 3 (base 14) in base 6?
3
Convert 2 (base 10) to base 15.
2
What is -1a (base 11) in base 12?
-19
Convert -2 (base 15) to base 2.
-10
What is 89 (base 11) in base 9?
117
Convert -6 (base 9) to base 14.
-6
-c (base 16) to base 8
-14
-19 (base 14) to base 11
-21
-a0 (base 15) to base 9
-176
3 (base 15) to base 8
3
Convert 0 (base 16) to base 15.
0
33 (base 4) to base 10
15
-212 (base 5) to base 11
-52
What is -1 (base 3) in base 8?
-1
1 (base 11) to base 14
1
Convert 43 (base 11) to base 4.
233
-3 (base 15) to base 10
-3
What is -26 (base 8) in base 14?
-18
-49 (base 13) to base 3
-2021
Convert -2 (base 7) to base 4.
-2
What is -1 (base 11) in base 14?
-1
1 (base 2) to base 3
1
Convert 13 (base 10) to base 4.
31
What is 10 (base 4) in base 9?
4
Convert 221 (base 3) to base 16.
19
Convert -3 (base 4) to base 11.
-3
Convert 33 (base 4) to base 12.
13
What is -1 (base 5) in base 2?
-1
What is -12 (base 12) in base 13?
-11
Convert 314 (base 8) to base 6.
540
-10 (base 4) to base 6
-4
Convert -131 (base 5) to base 10.
-41
Convert -1 (base 7) to base 6.
-1
0 (base 13) to base 16
0
What is 3 (base 7) in base 8?
3
Convert -20202 (base 3) to base 10.
-182
Convert 18 (base 14) to base 7.
31
10 (base 4) to base 15
4
Convert 11 (base 8) to base 2.
1001
Convert -2 (base 16) to base 4.
-2
Convert -2 (base 6) to base 4.
-2
12112 (base 3) to base 13
b6
What is 11 (base 4) in base 7?
5
100 (base 5) to base 11
23
What is -40 (base 11) in base 13?
-35
Convert 100 (base 2) to base 10.
4
Convert -10 (base 2) to base 5.
-2
-3 (base 12) to base 5
-3
-8 (base 9) to base 10
-8
Convert -6 (base 11) to base 15.
-6
-1 (base 16) to base 5
-1
-4d (base 14) to base 3
-2120
1 (base 3) to base 8
1
-115 (base 9) to base 10
-95
-120 (base 3) to base 9
-16
Convert 28 (base 12) to base 2.
100000
Convert 100001 (base 2) to base 13.
27
-5 (base 8) to base 9
-5
Convert b0 (base 13) to base 10.
143
f (base 16) to base 9
16
What is 1112 (base 3) in base 6?
105
Convert -12 (base 3) to base 2.
-101
10 (base 4) to base 11
4
134 (base 6) to base 10
58
What is -1020 (base 3) in base 14?
-25
-16 (base 13) to base 12
-17
Convert 24 (base 12) to base 6.
44
What is 1 (base 15) in base 7?
1
What is -99 (base 10) in base 15?
-69
What is -3b (base 12) in base 14?
-35
What is -3 (base 4) in base 16?
-3
Convert 15 (base 9) to base 5.
24
Convert -5 (base 16) to base 10.
-5
-1 (base 11) to base 13
-1
-1 (base 2) to base 15
-1
Convert 202 (base 9) to base 3.
20002
Convert -441 (base 6) to base 4.
-2221
-31 (base 4) to base 10
-13
What is 4 (base 11) in base 14?
4
-14 (base 12) to base 9
-17
-35 (base 14) to base 9
-52
What is 138 (base 10) in base 5?
1023
What is 102 (base 3) in base 8?
13
-11 (base 3) to base 4
-10
What is 1 (base 11) in base 9?
1
What is -120 (base 5) in base 7?
-50
What is -48 (base 14) in base 10?
-64
Convert -41 (base 5) to base 16.
-15
What is -8 (base 13) in base 7?
-11
Convert 12 (base 10) to base 2.
1100
2 (base 8) to base 5
2
Convert -3 (base 12) to base 15.
-3
Convert 0 (base 13) to base 4.
0
Convert 20 (base 4) to base 10.
8
What is -114 (base 5) in base 8?
-42
What is 8 (base 13) in base 5?
13
What is -9 (base 15) in base 16?
-9
Convert -2 (base 14) to base 3.
-2
Convert 2 (base 12) to base 6.
2
6 (base 9) to base 5
11
Convert c (base 13) to base 5.
22
-12b (base 14) to base 11
-1a4
What is 141 (base 5) in base 14?
34
Convert 4 (base 12) to base 9.
4
What is 1000 (base 2) in base 6?
12
What is 222 (base 3) in base 8?
32
0 (base 5) to base 6
0
Convert -38 (base 12) to base 4.
-230
-4 (base 11) to base 14
-4
Convert 3 (base 15) to base 13.
3
12 (base 8) to base 2
1010
Convert 2 (base 7) to base 15.
2
What is -15 (base 6) in base 13?
-b
What is 1022 (base 6) in base 11?
19a
What is 10 (base 4) in base 2?
100
What is -1220 (base 3) in base 6?
-123
-19 (base 16) to base 14
-1b
-13 (base 8) to base 10
-11
What is b (base 14) in base 2?
1011
5 (base 13) to base 9
5
What is 1 (base 6) in base 11?
1
What is 100 (base 4) in base 15?
11
9 (base 14) to base 5
14
What is 131 (base 7) in base 2?
1000111
Convert 11 (base 16) to base 7.
23
Convert -34 (base 13) to base 12.
-37
-20 (base 4) to base 8
-10
What is -3 (base 14) in base 16?
-3
Convert 25 (base 8) to base 5.
41
Convert 2 (base 15) to base 13.
2
24 (base 13) to base 12
26
-1b (base 15) to base 12
-22
34 (base 10) to base 13
28
Convert -1023 (base 4) to base 7.
-135
What is -13 (base 16) in base 3?
-201
3 (base 4) to base 12
3
What is 11 (base 4) in base 13?
5
-101000 (base 2) to base 8
-50
Convert -27 (base 9) to base 3.
-221
What is 42 (base 8) in base 14?
26
What is 3 (base 14) in base 9?
3
-100011 (base 2) to base 11
-32
-12 (base 8) to base 4
-22
-30 (base 14) to base 16
-2a
-f (base 16) to base 5
-30
What is 13 (base 13) in base 11?
15
-20111 (base 3) to base 4
-2233
What is -33 (base 9) in base 4?
-132
Convert 0 (base 4) to base 10.
0
What is 1 (base 5) in base 9?
1
What is -10 (base 5) in base 4?
-11
Convert -5 (base 6) to base 14.
-5
Convert 10 (base 5) to base 3.
12
Convert 21 (base 11) to base 5.
43
-3 (base 7) to base 4
-3
Convert 6 (base 13) to base 2.
110
-2 (base 10) to base 7
-2
What is 6 (base 13) in base 8?
6
Convert -4 (base 9) to base 14.
-4
Convert 231 (base 4) to base 10.
45
4 (base 13) to base 4
10
What is -11 (base 6) in base 15?
-7
-220 (base 6) to base 15
-59
Convert -4 (base 10) to base 6.
-4
16 (base 13) to base 6
31
Convert -4 (base 10) to base 3.
-11
Convert 255 (base 6) to base 7.
212
What is -226 (base 10) in base 7?
-442
What is 301 (base 4) in base 11?
45
Convert 202 (base 3) to base 11.
19
Convert 1000 (base 2) to base 16.
8
Convert 0 (base 7) to base 8.
0
Convert -1 (base 9) to base 8.
-1
-5 (base 11) to base 6
-5
What is 4 (base 13) in base 9?
4
Convert 64 (base 9) to base 4.
322
Convert -2 (base 7) to base 2.
-10
What is -22 (base 3) in base 6?
-12
What is -2 (base 10) in base 13?
-2
What is -63 (base 10) in base 5?
-223
Convert -1022 (base 3) to base 13.
-29
87 (base 14) to base 9
142
What is 220 (base 4) in base 12?
34
1 (base 5) to base 8
1
3 (base 10) to base 4
3
What is 10 (base 8) in base 12?
8
Convert -1403 (base 6) to base 3.
-111110
1 (base 5) to base 14
1
What is 4 (base 9) in base 7?
4
What is 17 (base 8) in base 3?
120
-12 (base 4) to base 10
-6
-12 (base 10) to base 9
-13
Convert 1 (base 11) to base 5.
1
23 (base 4) to base 9
12
What is -10 (base 12) in base 11?
-11
-1 (base 16) to base 6
-1
What is 6 (base 9) in base 16?
6
6 (base 16) to base 2
110
What is -235 (base 12) in base 8?
-511
What is 201 (base 6) in base 12?
61
What is 42 (base 7) in base 13?
24
What is 0 (base 9) in base 12?
0
Convert -320 (base 5) to base 13.
-67
Convert -25 (base 8) to base 2.
-10101
What is 11 (base 8) in base 2?
1001
100 (base 3) to base 2
1001
Convert 3 (base 4) to base 16.
3
Convert 2 (base 13) to base 16.
2
What is 3 (base 12) in base 13?
3
What is -1c (base 13) in base 2?
-11001
What is -5 (base 12) in base 10?
-5
What is -1001001 (base 2) in base 6?
-201
-1 (base 9) to base 5
-1
Convert 110 (base 8) to base 6.
200
Convert -61 (base 10) to base 12.
-51
Convert -22 (base 7) to base 10.
-16
Convert 24 (base 10) to base 15.
19
-52 (base 7) to base 11
-34
-6 (base 9) to base 8
-6
167 (base 10) to base 5
1132
What is 31 (base 8) in base 6?
41
Convert 1 (base 15) to base 2.
1
2 (base 7) to base 3
2
What is a (base 14) in base 4?
22
-9 (base 12) to base 5
-14
What is -1024 (base 7) in base 6?
-1401
-20 (base 5) to base 10
-10
-22 (base 11) to base 6
-40
Convert 0 (base 8) to base 16.
0
-3 (base 12) to base 7
-3
What is 1 (base 5) in base 9?
1
Convert 2 (base 14) to base 9.
2
40 (base 9) to base 8
44
What is 33 (base 14) in base 6?
113
What is -113 (base 4) in base 2?
-1